 (64/(-5))/((-4)/20). Suppose -2*j - 2*j + 2*d = -k, -5*j + 50 = 5*d. Let p(u) = 3*u - 23. What is the remainder when p(16) is divided by j?
11
Let a(l) = 2*l**2 + 49*l + 115. What is the remainder when 689 is divided by a(-25)?
129
Suppose 0 = -36*m + 33*m + 54. What is the remainder when (m/4 - -3)*2 is divided by 6?
3
Calculate the remainder when 433029/969 - 4/(-34) is divided by 56.
55
Let h = -645 - -681. Calculate the remainder when 163 is divided by h.
19
Suppose -9*n + 42 = -8*n. Let j = 79 - n. Calculate the remainder when 107 is divided by j.
33
Suppose d - 16 + 2 = 0. Suppose 69 - 282 = -3*v. Let w = 98 - v. Calculate the remainder when w is divided by d.
13
Suppose -332 = -23*o + 519. Calculate the remainder when o is divided by 27.
10
Suppose 14*m - 4899 = -57*m. Calculate the remainder when m is divided by ((-14)/(-6))/((-1)/(-3)).
6
Suppose 4*n = -4*k + 12, k - 7*n = -2*n + 27. Let q = 28 + -13. Suppose -2*i - 2*p = -28, -3*i = p - 35 - q. Calculate the remainder when i is divided by k.
4
Let r = -413 + 938. What is the remainder when r is divided by 48?
45
Suppose -4455 - 1173 = -84*w. What is the remainder when 458 is divided by w?
56
Let f(u) = -u**3 + 13*u**2 - 6*u + 11. Let w be f(13). Let t = w - -116. Calculate the remainder when t is divided by (26 - 0)/(1 + 0).
23
Let q be (1 + -2 - -2) + 1. Calculate the remainder when 5 - q/4*-2 is divided by -4 + (-55)/(-10) + 1/2.
0
Let s(t) = -2*t**2 - 14*t - 48 + 54 - 5*t. Calculate the remainder when s(-7) is divided by 22.
19
Let g(j) = 10*j**2 + j - 1. Calculate the remainder when ((-24)/9)/4 + 357/9 is divided by g(1).
9
What is the remainder when 256 is divided by 121/(-55)*(10 - 20)?
14
Suppose 26*y + 36 = 400. Suppose 2*b + b + 3*w = 168, -3*b - 2*w + 166 = 0. What is the remainder when b is divided by y?
12
Suppose 0 = -5*x - 20, -5*x = u - 0*x + 20. Suppose 5*s = -v - u*v + 87, -3*s = -2*v - 60. Calculate the remainder when s is divided by 10.
8
Suppose -4*f = -5*f - 2. Let w be (1 - (-6 - -4))/(-1). What is the remainder when 6 is divided by (2/w)/(f/12)?
2
Suppose 7*w = 2*w + 25. Suppose o = -1, -w*j + 4*o = -2*j - 238. Suppose 14 = -4*v + j. Calculate the remainder when v is divided by 5.
1
Let j = 389 + -370. Calculate the remainder when 51 is divided by j.
13
Let k(b) = 12*b**2 - 5*b - 7. Let v be (-4 + (-14)/(-3))*-3. What is the remainder when k(v) is divided by 27?
24
Suppose -70 = -m + 3*q, -5*m + 50 = -4*q - 322. What is the remainder when 909 is divided by m?
73
Let o(m) = 5*m + 6. Let w be o(8). Suppose 4*p + p = -125. Let l = p + w. Calculate the remainder when 82 is divided by l.
19
Let z = -284 - -297. Calculate the remainder when z is divided by 4.
1
Let n(c) = 19*c**2 + 4*c + 23. What is the remainder when 2000 is divided by n(-3)?
180
Calculate the remainder when (-8399)/(-222) - 2/(-12) is divided by 23.
15
Suppose -c + 44 = a - 2*c, 5*a - 180 = -5*c. Suppose 2*j = a + 10. What is the remainder when j is divided by 7?
4
Let o = -1 + 6. Let a = -9 + 16. Let w(b) = 4*b - 16. What is the remainder when w(a) is divided by o?
2
Suppose 0 = -5*q - w + 114, 35 + 30 = 3*q + 4*w. Calculate the remainder when 164 is divided by q.
3
Let c(l) = -l**3 - 4*l**2 + 2*l + 5. Let y be c(-4). Let d = y - 1. Let i(a) = -a**3 - 4*a**2 - 2*a + 1. Calculate the remainder when 25 is divided by i(d).
7
Let s = -60 + 62. Suppose n + s*n = 51. Calculate the remainder when 117 is divided by n.
15
Let s be 38/((-2)/2*-2). Suppose 0 = 4*l - 13 - s. Suppose 0 = -26*p + 839 - 59. Calculate the remainder when p is divided by l.
6
Suppose 89*p = 88*p + 44. Calculate the remainder when 82 is divided by p.
38
Let q(k) = -5*k + 32. Let r(f) = -5*f + 33. Let y(l) = -5*q(l) + 4*r(l). Calculate the remainder when 26 is divided by y(7).
5
Let a be (0/1)/2 + 2. Let o be (-1)/(-2) - ((-772)/8 + 0). Suppose 2*r = 5*l + 98, a*r - o = -2*l + 15. Calculate the remainder when r is divided by 28.
26
Suppose -5*j = -17 - 3. Suppose -2*l + 0*d - j*d - 72 = 0, 0 = -l - 5*d - 51. Let o = 47 + l. Calculate the remainder when o is divided by 8.
5
Let x = 1193 + -762. Calculate the remainder when x is divided by 54.
53
Suppose 4*r - 3 = -4*c + 293, 0 = -4*c + 3*r + 268. Suppose 0 = -2*u + 30. Calculate the remainder when c is divided by u.
10
Let z(s) be the first derivative of 75*s**4/4 + s**3/3 + s**2/2 - s + 8. What is the remainder when z(1) is divided by 11?
10
Suppose -2*q = 5*b - 18, -3*q - 2*q + b = -72. Suppose -3 = 3*z - 21. Calculate the remainder when (8/z)/((-1)/(-30)) is divided by q.
12
Let u(d) = d**2 + 8*d + 7. Let v be u(-8). Suppose -n + 19 = -2*g + v*g, -5*g + 15 = 5*n. What is the remainder when 23 is divided by (2 + n)*(-30)/(-5)?
5
Let x(j) = -j**3 + 10*j**2 - 7*j - 9. Let w be x(9). Let b(f) = f**3 - 9*f**2 + 4*f + 14. What is the remainder when 148 is divided by b(w)?
48
Suppose 200 = k - 3*d, -5*k = -d - 1420 + 392. Calculate the remainder when k is divided by 70.
66
Let h(g) = 4*g + 9 - 5*g + 8*g. Let d be h(-6). Let o = 57 + d. What is the remainder when o is divided by 13?
11
Suppose 3*i - 4 = i. Suppose 3*m + 2*m = i*j + 12, 3*j = 5*m - 8. Suppose d = 5*r + j, r = -2*d - 3*r + 8. What is the remainder when 9 is divided by d?
1
Let r(o) = -o**3 - 30*o**2 - 56*o + 30. Calculate the remainder when r(-28) is divided by 9.
3
Suppose v + 28 = 2*i, -5*i + 2*v = -3*v - 80. Suppose 0 = 4*d + i - 20. Suppose 16 = -d*z + 58. Calculate the remainder when 60 is divided by z.
18
Suppose 0 = 3*v + 4*q - 2*q - 170, 108 = 2*v + 4*q. Let z = 62 - v. Suppose 0 = -4*d + 2*d + 22. Calculate the remainder when d is divided by z.
3
Suppose -4*c - 29 = -h, c = 2*c + h + 1. Suppose 0*q - 6 = -q + 5*s, -2*s - 78 = 5*q. Calculate the remainder when (15/c)/(1/q) is divided by 9.
8
Let p = 281 - 217. What is the remainder when 123 is divided by p?
59
Let v be (17 - (5 + -1)) + 2. Suppose v*h - 20*h = -505. What is the remainder when h is divided by 17?
16
Suppose 9 = -5*c + 2*v + 13, -4*v + 12 = 0. What is the remainder when 2/((-8)/14)*-2 is divided by c?
1
Suppose 5*p - 44 = 26. What is the remainder when p is divided by 4?
2
Suppose 23*a = 3*n + 20*a - 1770, -n - 4*a + 585 = 0. Calculate the remainder when n is divided by 5.
4
Let g be (1 - 0 - -3) + 111. Suppose -s - 3*s + g = -n, -5*s + 134 = 2*n. What is the remainder when s is divided by 16?
12
Suppose 3*h = 56 - 11. Let w = h - 7. Suppose 5*t = k - 16 - w, -39 = -4*k + t. What is the remainder when k is divided by 6?
3
Suppose 3*i + 13 - 43 = 0. Suppose -24 + 394 = i*c. What is the remainder when c is divided by 10?
7
Suppose 42 + 14 = 4*w. Suppose -j + 3*l = -w, 8*l - 39 = -4*j + 3*l. Calculate the remainder when 21 is divided by j.
10
Suppose 437 = 4*j + 33. What is the remainder when j is divided by 44?
13
Suppose -2*u + 6 + 0 = 0. Suppose u*i - 5*i + 104 = 0. Suppose 8 = 6*a - i. What is the remainder when 37 is divided by a?
7
Let q be ((-6)/(-4))/(-9*5/(-1680)). Suppose 0*s + q = 7*s. What is the remainder when 11 is divided by s?
3
Let a(l) = -17 + 32*l - 23 + 32. What is the remainder when a(1) is divided by 7?
3
Let g(f) = -f**3 - 3*f**2 - 2*f + 2. Let j be g(-2). Suppose j*s - 2 = -6. What is the remainder when 11 is divided by ((-60)/25)/(s/5)?
5
Let r(k) = 5*k**2 - 6*k + 14. Calculate the remainder when 64 is divided by r(2).
20
Let h = -121 - -110. Calculate the remainder when 130 is divided by 66/((132/(-8))/h).
42
Let h = -12 - -16. Let r(z) = 2*z**2 - 15*z + 25. Let s be r(10). Suppose -v - 4*v = -s. What is the remainder when v is divided by h?
3
Let n = 2975 + -2969. Suppose 5*l = -2*d - 21, 2*l + 2 + 2 = -3*d. Let o(w) = 2*w**3 - w**2 + w + 2. What is the remainder when o(d) is divided by n?
4
Suppose -2*f + 298 = 3*w, 4*w - 22 = 4*f + 342. Calculate the remainder when 568 is divided by w.
88
Let u = -1041 - -1236. Calculate the remainder when u is divided by 50.
45
Let d(r) = 4*r**2 - 3*r - 11. Let f = 37 + -40. What is the remainder when 66 is divided by d(f)?
32
Let m(k) = 2*k**3 - 24*k**2 + 12*k - 20. Let n be m(12). Let g = n + -120. Calculate the remainder when 22 is divided by g.
2
Let x(l) be the first derivative of l**2 + 63*l - 42. What is the remainder when 149 is divided by x(-24)?
14
Suppose 46*y - 2862 = 19*y. 